{"id":168,"date":"2019-12-12T14:17:16","date_gmt":"2019-12-12T11:17:16","guid":{"rendered":"http:\/\/international.usm.md\/?page_id=168"},"modified":"2023-09-07T16:19:55","modified_gmt":"2023-09-07T13:19:55","slug":"programe-academice","status":"publish","type":"page","link":"https:\/\/international.usm.md\/?page_id=168","title":{"rendered":"Programe academice"},"content":{"rendered":"<p style=\"text-align: justify;\"><strong>Lista programelor Licen\u021b\u0103<\/strong><\/p>\n<p style=\"text-align: justify;\"><strong>Litere<\/strong><\/p>\n<ol style=\"text-align: justify;\">\n<li>Limba \u015fi literatura rom\u00e2n\u0103 \u015fi limba francez\u0103(\u0218tiin\u021be ale educa\u021biei)<\/li>\n<li>Limba \u015fi literatura rom\u00e2n\u0103 \u015fi limba englez\u0103(\u0218tiin\u021be ale educa\u021biei)<\/li>\n<li>Limba \u015fi literatura rom\u00e2n\u0103 (\u0218tiin\u021be ale educa\u021biei)<\/li>\n<li>Limba \u015fi literatura rom\u00e2n\u0103<\/li>\n<li>Limba \u015fi literatura rus\u0103 \u015fi limba englez\u0103(\u0218tiin\u021be ale educa\u021biei)<\/li>\n<li>Traducere \u0219i interpretare. Limba englez\u0103 \u015fi francez\u0103<\/li>\n<li>Traducere \u0219i interpretare. Limba englez\u0103 \u015fi german\u0103<\/li>\n<li>Traducere \u0219i interpretare. Limba francez\u0103 \u015fi englez\u0103<\/li>\n<li>Traducere \u0219i interpretare. Limba englez\u0103 \u0219i italian\u0103<\/li>\n<li>Traducere\u015fiinterpretare. Limbaenglez\u0103\u015fispaniol\u0103<\/li>\n<li>Limba francez\u0103 \u015fi englez\u0103 (\u0218tiin\u021be ale educa\u021biei)<\/li>\n<li>Limba spaniol\u0103 \u015fi englez\u0103<\/li>\n<li>Limba englez\u0103 \u0219i francez\u0103(\u0218tiin\u021be ale educa\u021biei)<\/li>\n<li>Limbagerman\u0103\u015fienglez\u0103(\u0218tiin\u021be ale educa\u021biei)<\/li>\n<\/ol>\n<p style=\"text-align: justify;\"><em>\u00a0<\/em><\/p>\n<p style=\"text-align: justify;\"><b>Biologie \u0219i Geo\u0219tiin\u021be<\/b><\/p>\n<ol style=\"text-align: justify;\">\n<li>Biologie<\/li>\n<li>Biologie(\u0218tiin\u021be ale educa\u021biei)<\/li>\n<li>Biologie molecular\u0103<\/li>\n<li>Ecologie<\/li>\n<li>Biologie\/Geografie(\u0218tiin\u021be ale educa\u021biei)<\/li>\n<li>Silvicultur\u0103 \u0219i gr\u0103dini publice<\/li>\n<li>Geografie<\/li>\n<\/ol>\n<p style=\"text-align: justify;\"><em>\u00a0<\/em><\/p>\n<p style=\"text-align: justify;\"><strong>Chimie \u0219i Tehnologie Chimic\u0103<\/strong><\/p>\n<ol style=\"text-align: justify;\">\n<li>Tehnologie chimic\u0103 industrial\u0103<\/li>\n<li>Tehnologia produselor cosmetice \u015fi medicinale<\/li>\n<li>Chimie<\/li>\n<li>Chimie(\u0218tiin\u021be ale educa\u021biei)<\/li>\n<li>Chimie biofarmaceutic\u0103<\/li>\n<\/ol>\n<p style=\"text-align: justify;\"><strong>Matematic\u0103 \u0219i Informatic\u0103<\/strong><\/p>\n<ol style=\"text-align: justify;\">\n<li>Matematic\u0103<\/li>\n<li>Matematic\u0103(\u0218tiin\u021bealeeduca\u021biei)<\/li>\n<li>Matematici aplicate<\/li>\n<li>Managementul informa\u0163iei<\/li>\n<li>Informatic\u0103<\/li>\n<li>Informatic\u0103(\u0218tiin\u021bealeeduca\u021biei)<\/li>\n<li>Informatic\u0103 aplicat\u0103<\/li>\n<\/ol>\n<p style=\"text-align: justify;\"><strong>Fizic\u0103 \u0219i Inginerie<\/strong><\/p>\n<ol style=\"text-align: justify;\">\n<li>Fizic\u0103<\/li>\n<li>Fizic\u0103(\u0218tiin\u021be ale educa\u021biei)<\/li>\n<li>Tehnologia informa\u021biei<\/li>\n<li>Inginerie\u0219imanagementulcalit\u0103\u021bii<\/li>\n<\/ol>\n<p style=\"text-align: justify;\"><strong>Jurnalism \u0219i \u0218tiin\u021be ale Comunic\u0103rii<\/strong><\/p>\n<ol style=\"text-align: justify;\">\n<li>Comunicare \u0219i rela\u021bii publice<\/li>\n<li>Biblioteconomie, informare\u015fistudiiarhivistice<\/li>\n<li>Jurnalism \u0219i procese mediatice<\/li>\n<\/ol>\n<p style=\"text-align: justify;\"><strong>Psihologie \u0219i \u0218tiin\u021be ale Educa\u021biei, Sociologie \u0219i Asisten\u021b\u0103 Social\u0103<\/strong><\/p>\n<ol style=\"text-align: justify;\">\n<li>Psihopedagogie<\/li>\n<li>Educa\u0163ie civic\u0103<\/li>\n<li>Pedagogie\u00een\u00eenv\u0103\u0163\u0103m\u00e2ntulprimar\/Psihopedagogie<\/li>\n<li>Pedagogie\u00een\u00eenv\u0103\u0163\u0103m\u00e2ntulprimar\u015filimbaenglez\u0103<\/li>\n<li>Psihologie<\/li>\n<li>Sociologie<\/li>\n<li>Asisten\u021b\u0103 social\u0103<\/li>\n<\/ol>\n<p style=\"text-align: justify;\"><strong>\u0218tiin\u021be Economice<\/strong><\/p>\n<ol style=\"text-align: justify;\">\n<li>Marketing \u0219i logistic\u0103<\/li>\n<li>Servicii hoteliere, turism \u0219i agrement<\/li>\n<li>Business \u0219i administrare<\/li>\n<li>Contabilitate<\/li>\n<li>Cibernetic\u0103 \u0219i informatic\u0103 economic\u0103<\/li>\n<li>Finan\u0163e\u015fi B\u0103nci<\/li>\n<\/ol>\n<p style=\"text-align: justify;\"><strong>Rela\u021bii Interna\u021bionale, \u0218tiin\u021be Politice \u0219i Administrative<\/strong><\/p>\n<ol style=\"text-align: justify;\">\n<li>Rela\u021bii Interna\u021bionale<\/li>\n<li>Politologie<\/li>\n<li>Administra\u021bie public\u0103<\/li>\n<\/ol>\n<p style=\"text-align: justify;\"><strong>Istorie \u0219i Filosofie<\/strong><\/p>\n<ol style=\"text-align: justify;\">\n<li>Istorie<\/li>\n<li>Istorie(\u0218tiin\u021bealeeduca\u021biei)<\/li>\n<li>Istorie\u0219ilimb\u0103englez\u0103(\u0218tiin\u021bealeeduca\u021biei)<\/li>\n<li>Filozofie<\/li>\n<li>Antropologie<\/li>\n<\/ol>\n<p style=\"text-align: justify;\"><strong>Drept<\/strong><\/p>\n<ol style=\"text-align: justify;\">\n<li>Drept<\/li>\n<\/ol>\n<p style=\"text-align: justify;\"><strong>Lista programelor Master<\/strong><\/p>\n<p style=\"text-align: justify;\"><strong>Litere<\/strong><\/p>\n<ol style=\"text-align: justify;\">\n<li>Limb\u0103, Literatur\u0103 \u0219i Civiliza\u021bie Rom\u00e2neasc\u0103 (120 cr)<\/li>\n<li>Limba\u0219iliteraturarus\u0103\u00a0: comunicareintercultural\u0103\u0219iorganiza\u021bional\u0103 (120 cr)<\/li>\n<li>Traducere\u015fiinterpretaredeconferin\u0163e (120 cr)<\/li>\n<li>Comunicare multilingv\u0103, management intercultural \u015fi limbaje de afaceri (90 cr)<\/li>\n<li>Comunicare multilingv\u0103, management intercultural \u015fi limbaje de afaceri (120 cr)<\/li>\n<\/ol>\n<p style=\"text-align: justify;\"><strong>Biologie \u0219i Pedologie<\/strong><\/p>\n<ol style=\"text-align: justify;\">\n<li>\u015etiin\u0163ebiologiceaplicate (120 cr)<\/li>\n<li>Managementul mediului (120 cr)<\/li>\n<li>Design de land\u015faft\u015fispa\u0163ii verzi (120 cr)<\/li>\n<\/ol>\n<p style=\"text-align: justify;\"><strong>Chimie \u0219i Tehnologie Chimic\u0103<\/strong><\/p>\n<ol style=\"text-align: justify;\">\n<li>Chimieecologic\u0103\u015fiprotec\u0163iamediului (120 cr)<\/li>\n<li>Tehnologiaproduselorcosmetice\u015fimedicinale (120 cr)<\/li>\n<li>Chimie coordinativ\u0103 (120cr)<\/li>\n<\/ol>\n<p style=\"text-align: justify;\"><strong>Matematic\u0103 \u0219i Informatic\u0103<\/strong><\/p>\n<ol style=\"text-align: justify;\">\n<li>Structuri matematice \u0219i metode de solu\u021bionare a problemelor aplicative (120 cr)<\/li>\n<li>Informatic\u0103 aplicat\u0103<\/li>\n<li>Tehnologiile produselor software (120 cr)<\/li>\n<li>Baze de date \u0219i cuno\u0219tin\u021be (120 cr<em>)<\/em><\/li>\n<\/ol>\n<p style=\"text-align: justify;\"><em>\u00a0<\/em><\/p>\n<p style=\"text-align: justify;\"><strong>Fizic\u0103 \u0219i Inginerie<\/strong><\/p>\n<ol style=\"text-align: justify;\">\n<li>Tehnologii informa\u021bionale \u00een educa\u021bie (120 cr)<\/li>\n<li>Tehnologii informa\u021bionale \u00een modelare (120 cr)<\/li>\n<li>Fizicateoretic\u0103(120 cr)<\/li>\n<li>Procedee\u0219imetode de m\u0103surare\u00eeningineriamediului(120 cr)<\/li>\n<li>Fizica\u0219iingineriasemiconductorilor (120 cr)<\/li>\n<\/ol>\n<p style=\"text-align: justify;\"><strong>Jurnalism \u0219i \u0218tiin\u021be ale Comunic\u0103rii<\/strong><\/p>\n<ol style=\"text-align: justify;\">\n<li>Rela\u0163iipublice\u015fipublicitate (120 cr)<\/li>\n<li>Managementulinstitu\u021bieiinfodocumentare (120 cr)<\/li>\n<li>Managementulinstitu\u0163iei media (120 cr)<\/li>\n<li>Talk-show-ul radiotelevizat (120 cr)<\/li>\n<li>Produc\u021bie video \u0219i media promoting(120 cr)<\/li>\n<\/ol>\n<p style=\"text-align: justify;\"><strong>Psihologie \u0219i \u0218tiin\u021be ale Educa\u021biei, Sociologie \u0219i Asisten\u021b\u0103 Social\u0103<\/strong><\/p>\n<ol style=\"text-align: justify;\">\n<li>Management educa\u0163ional(120 cr)<\/li>\n<li>Consiliere pentru probleme de familie (120 cr)<\/li>\n<li>Formarea formatorilor (120 cr)<\/li>\n<li>Psihologiamuncii\u0219iorganiza\u021bional\u0103 (120 cr)<\/li>\n<li>Psihologiaclinic\u0103 (120 cr)<\/li>\n<li>Psihologiejudiciar\u0103 (120 cr)<\/li>\n<li>Managementul serviciilor sociale (120 cr)<\/li>\n<li>Sondaje de opinie, marketing \u015fi publicitate (120 cr)<\/li>\n<\/ol>\n<p style=\"text-align: justify;\"><strong>\u0218tiin\u021be Economice<\/strong><\/p>\n<ol style=\"text-align: justify;\">\n<li>Studii\u00een marketing (120 cr)<\/li>\n<li>Marketing Studies Management \u015fi Marketing Hotelier \u015fiTurism(120 cr)<\/li>\n<li>Administrarea afacerilor (120 cr)<\/li>\n<li>Managementul resurselor umane (120 cr)<\/li>\n<li>Audit \u015fi expertiz\u0103 financiar\u0103 (120 cr)<\/li>\n<li>Contabilitatea \u00eentreprinderii (120 cr)<\/li>\n<li>Administrare bancar\u0103 (120 cr)<\/li>\n<li>Finan\u0163e publice \u015fi fiscalitate (120 cr)<\/li>\n<li>Gestiunea finan\u0163elor\u015fi contabilitatea \u00een afaceri (120 cr)<\/li>\n<\/ol>\n<p style=\"text-align: justify;\"><strong>Rela\u021bii Interna\u021bionale, \u0218tiin\u021be Politice \u0219i Administrative<\/strong><\/p>\n<ol style=\"text-align: justify;\">\n<li>StudiiDiplomatice(120 cr)<\/li>\n<li>StudiiEuropene(120 cr)<\/li>\n<li>Politici \u015fi servicii publice (120 cr)<\/li>\n<li>Analiz\u0103\u015ficonsilierepolitic\u0103(120 cr)<\/li>\n<\/ol>\n<p style=\"text-align: justify;\"><strong>Istorie \u0219i Filozofie<\/strong><\/p>\n<ol style=\"text-align: justify;\">\n<li>Istoria\u0219iculturareligiilor(120 cr)<\/li>\n<li>ManagementulPatrimoniului Cultural (120 cr)<\/li>\n<li style=\"text-align: left;\">Stat \u0219isocietatedinperspectiv\u0103istoric\u0103 (forme de guvernare,securitate na\u0163ional\u0103 \u015fi rela\u0163ii interna\u0163ionale) (120 cr)<\/li>\n<li>Filosofie, antropologie \u0219i management cultural (120 cr)<\/li>\n<li>Filosofiicontemporane(120 cr)<\/li>\n<\/ol>\n<p style=\"text-align: justify;\"><strong>Drept<\/strong><\/p>\n<ol>\n<li style=\"text-align: justify;\">Drept civil (90 cr)<\/li>\n<li style=\"text-align: justify;\">Drept fiscal \u0219ivamal (90cr)<\/li>\n<li style=\"text-align: justify;\">Drept fiscal \u0219ivamal (120 cr)<\/li>\n<li style=\"text-align: justify;\">DreptInterna\u0163ional(90 cr)<\/li>\n<li style=\"text-align: justify;\">Drept penal (90 cr)<\/li>\n<li style=\"text-align: justify;\">Drept penal (120 cr)<\/li>\n<li style=\"text-align: justify;\">Drept public \u0219iguvernare electronica (90 cr)<\/li>\n<li style=\"text-align: justify;\">Dreptulrela\u0163iilor de munc\u0103\u015ficomerciale\u00eenafaceri (90 cr)<\/li>\n<li style=\"text-align: justify;\">Dreptulrela\u0163iilor de munc\u0103\u015ficomerciale\u00eenafaceri (120 cr)<\/li>\n<li style=\"text-align: justify;\">DrepturileOmului (90 cr)<\/li>\n<li style=\"text-align: justify;\">Proceduri judiciare civile (90 cr)<\/li>\n<li style=\"text-align: justify;\">Proces penal \u015ficriminalistic\u0103(90 cr)<\/li>\n<\/ol>\n","protected":false},"excerpt":{"rendered":"<p>Lista programelor Licen\u021b\u0103 Litere Limba \u015fi literatura rom\u00e2n\u0103 \u015fi limba francez\u0103(\u0218tiin\u021be ale educa\u021biei) Limba \u015fi literatura rom\u00e2n\u0103 \u015fi limba englez\u0103(\u0218tiin\u021be ale educa\u021biei) Limba \u015fi literatura rom\u00e2n\u0103 (\u0218tiin\u021be ale educa\u021biei) Limba \u015fi literatura rom\u00e2n\u0103 Limba \u015fi literatura rus\u0103 \u015fi limba englez\u0103(\u0218tiin\u021be ale educa\u021biei) Traducere \u0219i interpretare. Limba englez\u0103 \u015fi francez\u0103 Traducere \u0219i interpretare. Limba englez\u0103 \u015fi&hellip; <br \/> <a class=\"read-more\" href=\"https:\/\/international.usm.md\/?page_id=168\">Cite\u0219te mai mult<\/a><\/p>\n","protected":false},"author":1,"featured_media":0,"parent":0,"menu_order":0,"comment_status":"closed","ping_status":"closed","template":"","meta":{"footnotes":""},"rttpg_featured_image_url":null,"rttpg_author":{"display_name":"","author_link":"https:\/\/international.usm.md\/?author=1"},"rttpg_comment":0,"rttpg_category":null,"rttpg_excerpt":"Lista programelor Licen\u021b\u0103 Litere Limba \u015fi literatura rom\u00e2n\u0103 \u015fi limba francez\u0103(\u0218tiin\u021be ale educa\u021biei) Limba \u015fi literatura rom\u00e2n\u0103 \u015fi limba englez\u0103(\u0218tiin\u021be ale educa\u021biei) Limba \u015fi literatura rom\u00e2n\u0103 (\u0218tiin\u021be ale educa\u021biei) Limba \u015fi literatura rom\u00e2n\u0103 Limba \u015fi literatura rus\u0103 \u015fi limba englez\u0103(\u0218tiin\u021be ale educa\u021biei) Traducere \u0219i interpretare. Limba englez\u0103 \u015fi francez\u0103 Traducere \u0219i interpretare. Limba englez\u0103 \u015fi&hellip;&hellip;","_links":{"self":[{"href":"https:\/\/international.usm.md\/index.php?rest_route=\/wp\/v2\/pages\/168"}],"collection":[{"href":"https:\/\/international.usm.md\/index.php?rest_route=\/wp\/v2\/pages"}],"about":[{"href":"https:\/\/international.usm.md\/index.php?rest_route=\/wp\/v2\/types\/page"}],"author":[{"embeddable":true,"href":"https:\/\/international.usm.md\/index.php?rest_route=\/wp\/v2\/users\/1"}],"replies":[{"embeddable":true,"href":"https:\/\/international.usm.md\/index.php?rest_route=%2Fwp%2Fv2%2Fcomments&post=168"}],"version-history":[{"count":7,"href":"https:\/\/international.usm.md\/index.php?rest_route=\/wp\/v2\/pages\/168\/revisions"}],"predecessor-version":[{"id":1475,"href":"https:\/\/international.usm.md\/index.php?rest_route=\/wp\/v2\/pages\/168\/revisions\/1475"}],"wp:attachment":[{"href":"https:\/\/international.usm.md\/index.php?rest_route=%2Fwp%2Fv2%2Fmedia&parent=168"}],"curies":[{"name":"wp","href":"https:\/\/api.w.org\/{rel}","templated":true}]}}