{"id":1837,"date":"2024-09-19T11:37:43","date_gmt":"2024-09-19T08:37:43","guid":{"rendered":"https:\/\/international.usm.md\/?page_id=1837"},"modified":"2024-09-19T11:37:43","modified_gmt":"2024-09-19T08:37:43","slug":"sdsce","status":"publish","type":"page","link":"https:\/\/international.usm.md\/?page_id=1837","title":{"rendered":"SDSCE"},"content":{"rendered":"<table width=\"622\">\n<tbody>\n<tr>\n<td width=\"186\">Denumirea<\/td>\n<td width=\"436\">Consolidarea sustenabilit\u0103\u021bii democra\u021biei prin educa\u021bie civic\u0103<\/td>\n<\/tr>\n<tr>\n<td width=\"186\">Acronim<\/td>\n<td width=\"436\">SDSCE<\/td>\n<\/tr>\n<tr>\n<td width=\"186\">Num\u0103r de referin\u021b\u0103<\/td>\n<td width=\"436\">101085234<\/td>\n<\/tr>\n<tr>\n<td width=\"186\">Perioada de implementare<\/td>\n<td width=\"436\">20.01.2023 &#8211; 31.12.2025<\/td>\n<\/tr>\n<tr>\n<td width=\"186\">Buget<\/td>\n<td width=\"436\">99.243 Euro<\/td>\n<\/tr>\n<tr>\n<td width=\"186\">Parteneri<\/td>\n<td width=\"436\">Universitatea Na\u0163ional\u0103 \u201eYurii Fedkovici\u201d, Cern\u0103u\u0163i, Ucraina;<\/p>\n<p>Universitatea \u201eBabe\u015f-Bolyai\u201d, Cluj-Napoca, Rom\u00e2nia;<\/p>\n<p>Asocia\u0163ia Rom\u00e2n\u0103 de Rela\u0163ii Intrna\u0163ionale \u015fi Studii Europene<\/p>\n<p>Universitatea de Stat din Moldova,<br \/>\nInstitutul de Administrare Public\u0103<\/td>\n<\/tr>\n<tr>\n<td width=\"186\">Descriere<\/td>\n<td width=\"436\">Scopul CoE SDSCE este dezvoltarea educa\u021bional\u0103 \u0219i profesional\u0103 \u00een domeniul Educa\u021biei, Form\u0103rii \u0219i Tineretului. Obiectivele generale includ crearea unui spa\u021biu european al educa\u021biei \u0219i promovarea valorilor europene \u00een institu\u021biile de \u00eenv\u0103\u021b\u0103m\u00e2nt. Obiectivele specifice vizeaz\u0103 promovarea incluziunii, echit\u0103\u021bii, excelen\u021bei \u0219i inova\u021biei \u00een educa\u021bie, precum \u0219i implicarea activ\u0103 a tinerilor \u00een procesul decizional la nivel local.<\/td>\n<\/tr>\n<tr>\n<td width=\"186\">Coordonator institu\u021bional<\/td>\n<td width=\"436\">Ro\u0219ca Ludmila<\/td>\n<\/tr>\n<tr>\n<td width=\"186\">Contacte<\/td>\n<td width=\"436\">Site, FB<\/td>\n<\/tr>\n<\/tbody>\n<\/table>\n","protected":false},"excerpt":{"rendered":"<p>Denumirea Consolidarea sustenabilit\u0103\u021bii democra\u021biei prin educa\u021bie civic\u0103 Acronim SDSCE Num\u0103r de referin\u021b\u0103 101085234 Perioada de implementare 20.01.2023 &#8211; 31.12.2025 Buget 99.243 Euro Parteneri Universitatea Na\u0163ional\u0103 \u201eYurii Fedkovici\u201d, Cern\u0103u\u0163i, Ucraina; Universitatea \u201eBabe\u015f-Bolyai\u201d, Cluj-Napoca, Rom\u00e2nia; Asocia\u0163ia Rom\u00e2n\u0103 de Rela\u0163ii Intrna\u0163ionale \u015fi Studii Europene Universitatea de Stat din Moldova, Institutul de Administrare Public\u0103 Descriere Scopul CoE SDSCE este&hellip; <br \/> <a class=\"read-more\" href=\"https:\/\/international.usm.md\/?page_id=1837\">Cite\u0219te mai mult<\/a><\/p>\n","protected":false},"author":1,"featured_media":0,"parent":0,"menu_order":0,"comment_status":"closed","ping_status":"closed","template":"","meta":{"footnotes":""},"rttpg_featured_image_url":null,"rttpg_author":{"display_name":"","author_link":"https:\/\/international.usm.md\/?author=1"},"rttpg_comment":0,"rttpg_category":null,"rttpg_excerpt":"Denumirea Consolidarea sustenabilit\u0103\u021bii democra\u021biei prin educa\u021bie civic\u0103 Acronim SDSCE Num\u0103r de referin\u021b\u0103 101085234 Perioada de implementare 20.01.2023 &#8211; 31.12.2025 Buget 99.243 Euro Parteneri Universitatea Na\u0163ional\u0103 \u201eYurii Fedkovici\u201d, Cern\u0103u\u0163i, Ucraina; Universitatea \u201eBabe\u015f-Bolyai\u201d, Cluj-Napoca, Rom\u00e2nia; Asocia\u0163ia Rom\u00e2n\u0103 de Rela\u0163ii Intrna\u0163ionale \u015fi Studii Europene Universitatea de Stat din Moldova, Institutul de Administrare Public\u0103 Descriere Scopul CoE SDSCE este&hellip;&hellip;","_links":{"self":[{"href":"https:\/\/international.usm.md\/index.php?rest_route=\/wp\/v2\/pages\/1837"}],"collection":[{"href":"https:\/\/international.usm.md\/index.php?rest_route=\/wp\/v2\/pages"}],"about":[{"href":"https:\/\/international.usm.md\/index.php?rest_route=\/wp\/v2\/types\/page"}],"author":[{"embeddable":true,"href":"https:\/\/international.usm.md\/index.php?rest_route=\/wp\/v2\/users\/1"}],"replies":[{"embeddable":true,"href":"https:\/\/international.usm.md\/index.php?rest_route=%2Fwp%2Fv2%2Fcomments&post=1837"}],"version-history":[{"count":1,"href":"https:\/\/international.usm.md\/index.php?rest_route=\/wp\/v2\/pages\/1837\/revisions"}],"predecessor-version":[{"id":1838,"href":"https:\/\/international.usm.md\/index.php?rest_route=\/wp\/v2\/pages\/1837\/revisions\/1838"}],"wp:attachment":[{"href":"https:\/\/international.usm.md\/index.php?rest_route=%2Fwp%2Fv2%2Fmedia&parent=1837"}],"curies":[{"name":"wp","href":"https:\/\/api.w.org\/{rel}","templated":true}]}}