{"id":1841,"date":"2024-09-19T11:40:37","date_gmt":"2024-09-19T08:40:37","guid":{"rendered":"https:\/\/international.usm.md\/?page_id=1841"},"modified":"2025-05-12T15:35:36","modified_gmt":"2025-05-12T12:35:36","slug":"defep","status":"publish","type":"page","link":"https:\/\/international.usm.md\/?page_id=1841","title":{"rendered":"DEFEP"},"content":{"rendered":"<p><img fetchpriority=\"high\" decoding=\"async\" class=\"wp-image-2486 aligncenter\" src=\"http:\/\/international.usm.md\/wp-content\/uploads\/EN-Co-funded-by-the-EU_PANTONE-scaled.jpg\" alt=\"\" width=\"586\" height=\"123\" \/><\/p>\n<table width=\"622\">\n<tbody>\n<tr>\n<td width=\"188\">Denumirea<\/td>\n<td width=\"434\">Educa\u021bia la distan\u021b\u0103 pentru viitor<\/td>\n<\/tr>\n<tr>\n<td width=\"188\">Acronim<\/td>\n<td width=\"434\">DEFEP<\/td>\n<\/tr>\n<tr>\n<td width=\"188\">Num\u0103r de referin\u021b\u0103<\/td>\n<td width=\"434\">101083143 \u2013 DEFEP \u2013 ERASMUS-EDU-2022-CBHE<\/td>\n<\/tr>\n<tr>\n<td width=\"188\">Perioada de implementare<\/td>\n<td width=\"434\">01.01.2023-31.12.2025<\/td>\n<\/tr>\n<tr>\n<td width=\"188\">Buget<\/td>\n<td width=\"434\">\u00a0\u00a0\u00a0 78.000 Euro<\/td>\n<\/tr>\n<tr>\n<td width=\"188\">Parteneri<\/td>\n<td width=\"434\">Universitatea Na\u021bional\u0103 a M\u0103rii Negre \u201ePetro Mohyla\u201d din Nicolaev<\/p>\n<p>\u0421oordonator de proiect, Ucraina<\/p>\n<p>Universitatea Saarland Germania<\/p>\n<p>Universitatea din Palermo Italia<\/p>\n<p>Universitatea King Juan Carlos Spania<\/p>\n<p>Universitatea de Stat din Moldova<\/p>\n<p>Universitatea Tehnic\u0103 din Moldova<\/p>\n<p>V. N. Karazin Universitatea Na\u021bional\u0103 din Harkov Ucraina<\/p>\n<p>Universitatea Na\u021bional\u0103 Politehnic\u0103 din Cernigov Ucraina<\/p>\n<p>Universitatea Na\u021bional\u0103 Agrar\u0103 din Lviv Ucraina<\/p>\n<p>Universitatea Na\u021bional\u0103 de Economie din Kiev \u201eVadym Hetman\u201d<\/p>\n<p>Ucraina<\/p>\n<p>Universitatea Na\u021bional\u0103 de Horticultur\u0103 din Uman Ucraina<\/td>\n<\/tr>\n<tr>\n<td width=\"188\">Descriere<\/td>\n<td width=\"434\">Proiectul DEFEP va implementa un sistem durabil de \u00eenv\u0103\u021b\u0103m\u00e2nt la distan\u021b\u0103 \u00een \u021b\u0103rile Parteneriatului Estic, abord\u00e2nd provoc\u0103rile educa\u021bionale \u0219i tehnologice. Sistemele din Ucraina \u0219i Moldova vor fi reorganizate pe baza experien\u021bei europene, cu accent pe dezvoltarea metodelor de predare, formarea cadrelor didactice \u0219i crearea de departamente specializate, pentru a preg\u0103ti studen\u021bii pentru pia\u021ba muncii.<\/td>\n<\/tr>\n<tr>\n<td width=\"188\">Coordonator institu\u021bional<\/td>\n<td width=\"434\">Tatiana Bulimaga<\/td>\n<\/tr>\n<tr>\n<td width=\"188\">Contacte<\/td>\n<td width=\"434\"><a href=\"https:\/\/defep.usm.md\/\">https:\/\/defep.usm.md\/<\/a><br \/>\nSite: <a href=\"https:\/\/defep.chmnu.edu.ua\/ro\/summaryromania\/\">https:\/\/defep.chmnu.edu.ua\/ro\/summaryromania\/<\/a> ,<br \/>\nFacebook: <a href=\"https:\/\/www.facebook.com\/profile.php?id=100090639761148&amp;paipv=0&amp;eav=AfbigG2HHv-f8FI55VKlPvVtRGQnF6oGDh74VUDS5_loftujEHxohTxy_h7PQJC5I5g&amp;_rdr\">https:\/\/www.facebook.com\/profile.php?id=100090639761148&amp;paipv=0&amp;eav=AfbigG2HHv-f8FI55VKlPvVtRGQnF6oGDh74VUDS5_loftujEHxohTxy_h7PQJC5I5g&amp;_rdr<\/a><br \/>\nInstagram: <a href=\"https:\/\/www.instagram.com\/defep_project_\/?fbclid=IwY2xjawFOUcxleHRuA2FlbQIxMAABHTBHMpi5ogKfVwjywvaoTj_bVUTw6Wz9WttEfo-GVMxpHVDLNp7gCWwdIA_aem_JHsRjULu5qZcrg22k5g6DQ\">https:\/\/www.instagram.com\/defep_project_\/?fbclid=IwY2xjawFOUcxleHRuA2FlbQIxMAABHTBHMpi5ogKfVwjywvaoTj_bVUTw6Wz9WttEfo-GVMxpHVDLNp7gCWwdIA_aem_JHsRjULu5qZcrg22k5g6DQ<\/a><br \/>\nYouTube: https:\/\/www.youtube.com\/@DEFEPCBHE<\/td>\n<\/tr>\n<\/tbody>\n<\/table>\n<p><b><i>Funded by the European Union. Views and opinions expressed are however those of the author(s) only and do not necessarily reflect those of the European Union or EACEA. Neither the European Union nor the granting authority can be held responsible for them.<\/i><\/b><\/p>\n","protected":false},"excerpt":{"rendered":"<p>Denumirea Educa\u021bia la distan\u021b\u0103 pentru viitor Acronim DEFEP Num\u0103r de referin\u021b\u0103 101083143 \u2013 DEFEP \u2013 ERASMUS-EDU-2022-CBHE Perioada de implementare 01.01.2023-31.12.2025 Buget \u00a0\u00a0\u00a0 78.000 Euro Parteneri Universitatea Na\u021bional\u0103 a M\u0103rii Negre \u201ePetro Mohyla\u201d din Nicolaev \u0421oordonator de proiect, Ucraina Universitatea Saarland Germania Universitatea din Palermo Italia Universitatea King Juan Carlos Spania Universitatea de Stat din Moldova&hellip; <br \/> <a class=\"read-more\" href=\"https:\/\/international.usm.md\/?page_id=1841\">Cite\u0219te mai mult<\/a><\/p>\n","protected":false},"author":1,"featured_media":0,"parent":0,"menu_order":0,"comment_status":"closed","ping_status":"closed","template":"","meta":{"footnotes":""},"rttpg_featured_image_url":null,"rttpg_author":{"display_name":"","author_link":"https:\/\/international.usm.md\/?author=1"},"rttpg_comment":0,"rttpg_category":null,"rttpg_excerpt":"Denumirea Educa\u021bia la distan\u021b\u0103 pentru viitor Acronim DEFEP Num\u0103r de referin\u021b\u0103 101083143 \u2013 DEFEP \u2013 ERASMUS-EDU-2022-CBHE Perioada de implementare 01.01.2023-31.12.2025 Buget \u00a0\u00a0\u00a0 78.000 Euro Parteneri Universitatea Na\u021bional\u0103 a M\u0103rii Negre \u201ePetro Mohyla\u201d din Nicolaev \u0421oordonator de proiect, Ucraina Universitatea Saarland Germania Universitatea din Palermo Italia Universitatea King Juan Carlos Spania Universitatea de Stat din Moldova&hellip;&hellip;","_links":{"self":[{"href":"https:\/\/international.usm.md\/index.php?rest_route=\/wp\/v2\/pages\/1841"}],"collection":[{"href":"https:\/\/international.usm.md\/index.php?rest_route=\/wp\/v2\/pages"}],"about":[{"href":"https:\/\/international.usm.md\/index.php?rest_route=\/wp\/v2\/types\/page"}],"author":[{"embeddable":true,"href":"https:\/\/international.usm.md\/index.php?rest_route=\/wp\/v2\/users\/1"}],"replies":[{"embeddable":true,"href":"https:\/\/international.usm.md\/index.php?rest_route=%2Fwp%2Fv2%2Fcomments&post=1841"}],"version-history":[{"count":3,"href":"https:\/\/international.usm.md\/index.php?rest_route=\/wp\/v2\/pages\/1841\/revisions"}],"predecessor-version":[{"id":2517,"href":"https:\/\/international.usm.md\/index.php?rest_route=\/wp\/v2\/pages\/1841\/revisions\/2517"}],"wp:attachment":[{"href":"https:\/\/international.usm.md\/index.php?rest_route=%2Fwp%2Fv2%2Fmedia&parent=1841"}],"curies":[{"name":"wp","href":"https:\/\/api.w.org\/{rel}","templated":true}]}}