{"id":219,"date":"2020-01-11T11:39:25","date_gmt":"2020-01-11T08:39:25","guid":{"rendered":"http:\/\/international.usm.md\/?page_id=219"},"modified":"2020-05-02T22:35:06","modified_gmt":"2020-05-02T19:35:06","slug":"despre","status":"publish","type":"page","link":"https:\/\/international.usm.md\/?page_id=219","title":{"rendered":"Despre program"},"content":{"rendered":"<p style=\"text-align: justify;\"><b>Mobilitate de Credite<\/b><\/p>\n<p style=\"text-align: justify;\"><span style=\"font-weight: 400;\">Programul Erasmus+ prin Ac\u021biunea 1 (Mobilitate) \u00ee\u0219i propune s\u0103 \u00eencurajeze mobilitatea studen\u021bilor, a personalului academic \u0219i administrativ. Institu\u021biile de \u00eenv\u0103\u021b\u0103m\u00e2nt superior pot trimite \u00een str\u0103in\u0103tate studen\u021bi \u0219i personal a<\/span><span style=\"font-weight: 400;\">cademic \u0219i adminsitrativ (\u00een alte <\/span><a href=\"https:\/\/ec.europa.eu\/programmes\/erasmus-plus\/about\/who-can-take-part_ro\"><span style=\"font-weight: 400;\">\u021b\u0103ri participante la program sau \u00een alte \u021b\u0103ri partenere<\/span><\/a><span style=\"font-weight: 400;\">) pentru a studia, pentru a se forma, pentru a preda sau pentru a urma un stagiu \u00een institu\u021bii participante. De asemenea, pot primi studen\u021bi \u0219i personal din str\u0103in\u0103tate.<\/span><\/p>\n<p style=\"text-align: justify;\"><span style=\"font-weight: 400;\">Orice proiect de mobilitate presupune <\/span><b>preg\u0103tire<\/b><span style=\"font-weight: 400;\"> (selectarea participan\u021bilor, stabilirea de acorduri cu partenerii \u0219i participan\u021bii, preg\u0103tirea participan\u021bilor \u00eenainte de plecare din punct de vedere lingvistic\/intercultural\/\u00een ceea ce prive\u0219te sarcinile), <\/span><b>implementare \u0219i monitorizare<\/b> <span style=\"font-weight: 400;\">(<\/span><span style=\"font-weight: 400;\">inclusiv evaluarea activit\u0103\u021bilor, recunoa\u0219terea oficial\u0103 \u2013 acolo unde este cazul \u2013 a rezultatelor \u00eenv\u0103\u021b\u0103rii participan\u021bilor \u00een timpul activit\u0103\u021bii, precum \u0219i diseminarea \u0219i utilizarea rezultatelor proiectului).<\/span><\/p>\n<p style=\"text-align: justify;\"><b>C\u00e2t dureaz\u0103?<\/b><span style=\"font-weight: 400;\"> Un proiect poate primi finan\u021bare pentru 24 sau 36 de luni. Solicitantul trebuie s\u0103 aleag\u0103 durata \u00een faza de depunere a cererii de participare, \u00een func\u021bie de amploarea proiectului \u0219i de tipul de activit\u0103\u021bi planificate \u00een timp.<\/span><\/p>\n<p style=\"text-align: justify;\"><b>Cum se aplic\u0103? <\/b><span style=\"font-weight: 400;\">Institu\u021biile de \u00eenv\u0103\u021b\u0103m\u00e2nt superior din Republica Moldova nu pot aplica direct pentru\u00a0granturi de mobilitate. Pentru a beneficia de astfel de proiecte universit\u0103\u021bile trebuie s\u0103 identifice parteneri din \u021b\u0103rile UE.<\/span><\/p>\n<p style=\"text-align: justify;\"><span style=\"font-weight: 400;\">Activit\u0103\u021bile de mobilitate se fac \u00een baza Acordurilor interinstitu\u021bionale semnate \u00eentre institu\u021biile de \u00eenv\u0103\u021b\u0103m\u00e2nt superior din \u021b\u0103rile partenere \u0219i partenerii din \u021b\u0103rile participante la program. \u00cen cadrul aceluia\u0219i acord institu\u021biile din Moldova pot g\u0103zdui studen\u021bi europeni, doctoranzi sau personal academic.\u00a0<\/span><\/p>\n<p style=\"text-align: justify;\"><span style=\"font-weight: 400;\">Numai institu\u021biile de \u00eenv\u0103\u021b\u0103m\u00e2nt superior din \u021b\u0103rile participante la program pot solicita \u0219i administra pl\u0103\u021bi pentru mobilit\u0103\u021bi. Aplica\u021bia se depune, p\u00e2n\u0103 la data limit\u0103 stabilit\u0103, la Agen\u021bia Na\u021bional\u0103 din \u021bara \u00een care este stabilit\u0103 organiza\u021bia solicitant\u0103.<\/span><\/p>\n","protected":false},"excerpt":{"rendered":"<p>Mobilitate de Credite Programul Erasmus+ prin Ac\u021biunea 1 (Mobilitate) \u00ee\u0219i propune s\u0103 \u00eencurajeze mobilitatea studen\u021bilor, a personalului academic \u0219i administrativ. Institu\u021biile de \u00eenv\u0103\u021b\u0103m\u00e2nt superior pot trimite \u00een str\u0103in\u0103tate studen\u021bi \u0219i personal academic \u0219i adminsitrativ (\u00een alte \u021b\u0103ri participante la program sau \u00een alte \u021b\u0103ri partenere) pentru a studia, pentru a se forma, pentru a preda&hellip; <br \/> <a class=\"read-more\" href=\"https:\/\/international.usm.md\/?page_id=219\">Cite\u0219te mai mult<\/a><\/p>\n","protected":false},"author":1,"featured_media":0,"parent":0,"menu_order":0,"comment_status":"closed","ping_status":"closed","template":"","meta":{"footnotes":""},"rttpg_featured_image_url":null,"rttpg_author":{"display_name":"","author_link":"https:\/\/international.usm.md\/?author=1"},"rttpg_comment":0,"rttpg_category":null,"rttpg_excerpt":"Mobilitate de Credite Programul Erasmus+ prin Ac\u021biunea 1 (Mobilitate) \u00ee\u0219i propune s\u0103 \u00eencurajeze mobilitatea studen\u021bilor, a personalului academic \u0219i administrativ. Institu\u021biile de \u00eenv\u0103\u021b\u0103m\u00e2nt superior pot trimite \u00een str\u0103in\u0103tate studen\u021bi \u0219i personal academic \u0219i adminsitrativ (\u00een alte \u021b\u0103ri participante la program sau \u00een alte \u021b\u0103ri partenere) pentru a studia, pentru a se forma, pentru a preda&hellip;&hellip;","_links":{"self":[{"href":"https:\/\/international.usm.md\/index.php?rest_route=\/wp\/v2\/pages\/219"}],"collection":[{"href":"https:\/\/international.usm.md\/index.php?rest_route=\/wp\/v2\/pages"}],"about":[{"href":"https:\/\/international.usm.md\/index.php?rest_route=\/wp\/v2\/types\/page"}],"author":[{"embeddable":true,"href":"https:\/\/international.usm.md\/index.php?rest_route=\/wp\/v2\/users\/1"}],"replies":[{"embeddable":true,"href":"https:\/\/international.usm.md\/index.php?rest_route=%2Fwp%2Fv2%2Fcomments&post=219"}],"version-history":[{"count":2,"href":"https:\/\/international.usm.md\/index.php?rest_route=\/wp\/v2\/pages\/219\/revisions"}],"predecessor-version":[{"id":390,"href":"https:\/\/international.usm.md\/index.php?rest_route=\/wp\/v2\/pages\/219\/revisions\/390"}],"wp:attachment":[{"href":"https:\/\/international.usm.md\/index.php?rest_route=%2Fwp%2Fv2%2Fmedia&parent=219"}],"curies":[{"name":"wp","href":"https:\/\/api.w.org\/{rel}","templated":true}]}}