{"id":2639,"date":"2025-09-23T12:42:33","date_gmt":"2025-09-23T09:42:33","guid":{"rendered":"https:\/\/international.usm.md\/?page_id=2639"},"modified":"2025-09-23T12:42:33","modified_gmt":"2025-09-23T09:42:33","slug":"integrity-atlas","status":"publish","type":"page","link":"https:\/\/international.usm.md\/?page_id=2639","title":{"rendered":"Integrity Atlas"},"content":{"rendered":"<table>\n<tbody>\n<tr>\n<td><span style=\"font-weight: 400;\">Denumirea<\/span><\/td>\n<td><span style=\"font-weight: 400;\">Atlasul Integrit\u0103\u021bii \u0219i Valorilor \u00een regiunea din Vecin\u0103tate<\/span><\/td>\n<\/tr>\n<tr>\n<td><span style=\"font-weight: 400;\">Acronim<\/span><\/td>\n<td><span style=\"font-weight: 400;\">Integrity Atlas<\/span><\/td>\n<\/tr>\n<tr>\n<td><span style=\"font-weight: 400;\">Num\u0103r de referin\u021b\u0103<\/span><\/td>\n<td><span style=\"font-weight: 400;\">101184122<\/span><\/td>\n<\/tr>\n<tr>\n<td><span style=\"font-weight: 400;\">Perioada de implementare<\/span><\/td>\n<td><span style=\"font-weight: 400;\">04.2025 \u2013 24 luni<\/span><\/td>\n<\/tr>\n<tr>\n<td><span style=\"font-weight: 400;\">Buget<\/span><\/td>\n<td><span style=\"font-weight: 400;\">19 102.00 Euro<\/span><\/td>\n<\/tr>\n<tr>\n<td><span style=\"font-weight: 400;\">Parteneri<\/span><\/td>\n<td><span style=\"font-weight: 400;\">1.\u201ecoordonatorul\u201d:<\/span><\/p>\n<p><span style=\"font-weight: 400;\">ASOCIA\u021aIA OB\u0218TEASC\u0102 COMITETUL NA\u021aIONAL OLIMPIC \u0218I SPORTIV DIN<\/span><\/p>\n<p><span style=\"font-weight: 400;\">REPUBLICA MOLDOVA (NOC MDA), PIC 905280340, \u00eenregistrat\u0103 pe strada Pu\u0219kin 11, Chi\u0219in\u0103u 2012,<\/span><\/p>\n<p><span style=\"font-weight: 400;\">Moldova, \u0219i urm\u0103torii al\u021bi beneficiari, dac\u0103 semneaz\u0103 \u201eformularul de aderare\u201d (a se vedea Anexa 3 \u0219i Articolul 40):<\/span><\/p>\n<p><span style=\"font-weight: 400;\">2. ORGANIZA\u021aIA SPORTIV\u0102 EUROPEAN\u0102 NON-GUVERNAMENTAL\u0102 (ENGSO), PIC 946274771, \u00eenregistrat\u0103 \u00een BOX 11016, STOCKHOLM 100 61, Suedia,<\/span><\/p>\n<p><span style=\"font-weight: 400;\">3. ACADEMIILE OLIMPICE EUROPENE (EOA), PIC 894715294, \u00eenregistrate pe OTTO FLECK SCHNEISE 12, FRANKFURT 60528, Germania,<\/span><\/p>\n<p><span style=\"font-weight: 400;\">4. COMITETUL OLIMPIC NA\u021aIONAL AL UCRAINEI (NOC UKR), PIC 900014986, \u00eenregistrat pe VUL ESPLANADNA 42, KIEV 01601, Ucraina,<\/span><\/p>\n<p><span style=\"font-weight: 400;\">5. UNIVERSITATEA DE STAT DIN MOLDOVA (USM), PIC 996760361, \u00eenregistrat\u0103 pe STR. A. MATEEVICI 60, CHI\u0218IN\u0102U 2009, Moldova<\/span><\/td>\n<\/tr>\n<tr>\n<td><span style=\"font-weight: 400;\">Descriere<\/span><\/td>\n<td><span style=\"font-weight: 400;\">Atlasul Integrit\u0103\u021bii \u2013 Atlasul Integrit\u0103\u021bii \u0219i Valorilor \u00een regiunea Vecin\u0103tate este un efort colaborativ care urm\u0103re\u0219te promovarea integrit\u0103\u021bii ca valoare fundamental\u0103 \u00een cadrul Mi\u0219c\u0103rii Sportive din regiunea Vecin\u0103tate. Acesta reune\u0219te p\u0103r\u021bi interesate cheie, inclusiv Comitetele Na\u021bionale Olimpice (CNO) din Moldova \u0219i Ucraina, institu\u021bii academice precum Universitatea de Stat din Moldova (USM) \u0219i organiza\u021bii sportive precum Organiza\u021bia Sportiv\u0103 European\u0103 Non-Guvernamental\u0103 (ENGSO) \u0219i Academiile Olimpice Europene (EOA).<\/span><\/p>\n<p><span style=\"font-weight: 400;\">Domeniu de aplicare: proiectul urm\u0103re\u0219te s\u0103 abordeze situa\u021bia actual\u0103 a integrit\u0103\u021bii \u00een sport \u00een \u021b\u0103rile partenere \u0219i s\u0103 stabileasc\u0103 o foaie de parcurs pentru progres.<\/span><\/p>\n<p><span style=\"font-weight: 400;\">Direc\u021bii principale: combaterea aranj\u0103rii meciurilor \u0219i a corup\u021biei, consolidarea bunei guvernan\u021be, promovarea valorilor pozitive, stimularea evenimentelor la nivel de baz\u0103 \u0219i combaterea dopajului.<\/span><\/p>\n<p><span style=\"font-weight: 400;\">Obiective:<\/span><\/p>\n<p><span style=\"font-weight: 400;\">Realizarea unei evalu\u0103ri a necesit\u0103\u021bilor: identificarea lacunelor \u00een aplicarea valorilor sportive, \u00een special integritatea, \u00een \u021b\u0103rile partenere.<\/span><\/p>\n<p><span style=\"font-weight: 400;\">Construirea de re\u021bele: facilitarea cre\u0103rii \u0219i extinderii re\u021belelor \u00eentre organiza\u021bii, \u021b\u0103ri \u0219i regiuni prin mese rotunde \u0219i activit\u0103\u021bi de networking.<\/span><\/p>\n<p><span style=\"font-weight: 400;\">Schimb de bune practici: promovarea schimbului de bune practici \u0219i idei pentru a \u00eembun\u0103t\u0103\u021bi capacitatea partenerilor de a promova integritatea.<\/span><\/p>\n<p><span style=\"font-weight: 400;\">Elaborarea strategiilor na\u021bionale: sprijinirea CNO-urilor partenere \u00een elaborarea \u0219i implementarea de Strategii\/Foaie de parcurs na\u021bional\u0103 pentru promovarea integrit\u0103\u021bii \u00een sport \u0219i abordarea lacunelor existente.<\/span><\/p>\n<p><span style=\"font-weight: 400;\">Consolidarea cooper\u0103rii: cre\u0219terea capacit\u0103\u021bii organiza\u021biilor sportive din regiune \u0219i promovarea cooper\u0103rii interna\u021bionale pentru o mai bun\u0103 coordonare a activit\u0103\u021bilor sportive.<\/span><\/p>\n<p><span style=\"font-weight: 400;\">Prin promovarea integrit\u0103\u021bii ca valoare de baz\u0103 \u00een interiorul \u0219i prin intermediul Comitetelor Olimpice, proiectul Atlasul Integrit\u0103\u021bii \u00ee\u0219i propune s\u0103 creeze un mediu sportiv mai etic \u0219i mai incluziv \u00een regiunea Vecin\u0103tate, favoriz\u00e2nd \u00eencrederea \u0219i cooperarea \u00eentre toate p\u0103r\u021bile interesate implicate.<\/span><\/td>\n<\/tr>\n<tr>\n<td><span style=\"font-weight: 400;\">Coordonator institu\u021bional<\/span><\/td>\n<td><span style=\"font-weight: 400;\">Anastasia OCERETNII<\/span><\/p>\n<p><span style=\"font-weight: 400;\">\u0218ef al Departamentului de Sociologie \u0219i Asisten\u021b\u0103 Social\u0103<\/span><\/td>\n<\/tr>\n<tr>\n<td><span style=\"font-weight: 400;\">Contacte<\/span><\/td>\n<td><\/td>\n<\/tr>\n<\/tbody>\n<\/table>\n<p>&nbsp;<\/p>\n","protected":false},"excerpt":{"rendered":"<p>Denumirea Atlasul Integrit\u0103\u021bii \u0219i Valorilor \u00een regiunea din Vecin\u0103tate Acronim Integrity Atlas Num\u0103r de referin\u021b\u0103 101184122 Perioada de implementare 04.2025 \u2013 24 luni Buget 19 102.00 Euro Parteneri 1.\u201ecoordonatorul\u201d: ASOCIA\u021aIA OB\u0218TEASC\u0102 COMITETUL NA\u021aIONAL OLIMPIC \u0218I SPORTIV DIN REPUBLICA MOLDOVA (NOC MDA), PIC 905280340, \u00eenregistrat\u0103 pe strada Pu\u0219kin 11, Chi\u0219in\u0103u 2012, Moldova, \u0219i urm\u0103torii al\u021bi beneficiari,&hellip; <br \/> <a class=\"read-more\" href=\"https:\/\/international.usm.md\/?page_id=2639\">Cite\u0219te mai mult<\/a><\/p>\n","protected":false},"author":1,"featured_media":0,"parent":0,"menu_order":0,"comment_status":"closed","ping_status":"closed","template":"","meta":{"footnotes":""},"rttpg_featured_image_url":null,"rttpg_author":{"display_name":"","author_link":"https:\/\/international.usm.md\/?author=1"},"rttpg_comment":0,"rttpg_category":null,"rttpg_excerpt":"Denumirea Atlasul Integrit\u0103\u021bii \u0219i Valorilor \u00een regiunea din Vecin\u0103tate Acronim Integrity Atlas Num\u0103r de referin\u021b\u0103 101184122 Perioada de implementare 04.2025 \u2013 24 luni Buget 19 102.00 Euro Parteneri 1.\u201ecoordonatorul\u201d: ASOCIA\u021aIA OB\u0218TEASC\u0102 COMITETUL NA\u021aIONAL OLIMPIC \u0218I SPORTIV DIN REPUBLICA MOLDOVA (NOC MDA), PIC 905280340, \u00eenregistrat\u0103 pe strada Pu\u0219kin 11, Chi\u0219in\u0103u 2012, Moldova, \u0219i urm\u0103torii al\u021bi beneficiari,&hellip;&hellip;","_links":{"self":[{"href":"https:\/\/international.usm.md\/index.php?rest_route=\/wp\/v2\/pages\/2639"}],"collection":[{"href":"https:\/\/international.usm.md\/index.php?rest_route=\/wp\/v2\/pages"}],"about":[{"href":"https:\/\/international.usm.md\/index.php?rest_route=\/wp\/v2\/types\/page"}],"author":[{"embeddable":true,"href":"https:\/\/international.usm.md\/index.php?rest_route=\/wp\/v2\/users\/1"}],"replies":[{"embeddable":true,"href":"https:\/\/international.usm.md\/index.php?rest_route=%2Fwp%2Fv2%2Fcomments&post=2639"}],"version-history":[{"count":1,"href":"https:\/\/international.usm.md\/index.php?rest_route=\/wp\/v2\/pages\/2639\/revisions"}],"predecessor-version":[{"id":2640,"href":"https:\/\/international.usm.md\/index.php?rest_route=\/wp\/v2\/pages\/2639\/revisions\/2640"}],"wp:attachment":[{"href":"https:\/\/international.usm.md\/index.php?rest_route=%2Fwp%2Fv2%2Fmedia&parent=2639"}],"curies":[{"name":"wp","href":"https:\/\/api.w.org\/{rel}","templated":true}]}}