{"id":794,"date":"2021-02-02T13:39:14","date_gmt":"2021-02-02T10:39:14","guid":{"rendered":"http:\/\/international.usm.md\/?page_id=794"},"modified":"2021-02-02T13:39:14","modified_gmt":"2021-02-02T10:39:14","slug":"eufory","status":"publish","type":"page","link":"https:\/\/international.usm.md\/?page_id=794","title":{"rendered":"EUforY"},"content":{"rendered":"<p style=\"text-align: justify;\"><img decoding=\"async\" class=\"alignnone size-medium wp-image-798\" src=\"http:\/\/international.usm.md\/wp-content\/uploads\/logos_erasmus_JM_right_withthesupport-01_0-300x80.jpg\" alt=\"\" width=\"300\" height=\"80\" \/><\/p>\n<p style=\"text-align: justify;\"><strong>Ac\u021biunea cheie: <\/strong>Activitate Jean Monnet<\/p>\n<p style=\"text-align: justify;\"><strong>Ac\u021biunea: <\/strong>Project Jean Monnet<\/p>\n<p style=\"text-align: justify;\"><strong>Cererea de propuneri: <\/strong>EAC\/A02\/2019 \u2013 Jean Monnet Activities<\/p>\n<p style=\"text-align: justify;\"><strong>Num\u0103rul aplica\u021biei: <\/strong>619953-EPP-1-2020-1-MD-EPPJMO-PROJECT<\/p>\n<p style=\"text-align: justify;\"><strong>Denumirea deplin\u0103 a proiectului<\/strong>: Orizonturi ale integr\u0103rii \u00een Uniunea European\u0103 a Moldovei: Realit\u0103\u021bi \u0219i Perspective<\/p>\n<p style=\"text-align: justify;\"><strong>Acronim: <\/strong>EUforY<\/p>\n<p style=\"text-align: justify;\"><strong>Durata proiectului: <\/strong>02\/12\/2020 &#8211; 02\/12\/2022<\/p>\n<p style=\"text-align: justify;\"><strong>Beneficiar: <\/strong>Universitatea de Stat din Moldova<\/p>\n<p style=\"text-align: justify;\">Proiectul \u00ee\u0219i propune s\u0103 contribuie la formarea unor politici ale UE mai coerente \u0219i vizibile fa\u021b\u0103 de Moldova, prin \u00eembun\u0103t\u0103\u021birea \u00een\u021belegerii colabor\u0103rii politice \u0219i a drepturilor omului protec\u021bia, educa\u021bia tineretului \u0219i aprofundarea parteneriatului economic \u0219i comercial at\u00e2t \u00een mediul academic, c\u00e2t \u0219i \u00een afara acesteia.<\/p>\n<p style=\"text-align: justify;\"><strong>Obiectivele proiectului:<\/strong><\/p>\n<ol style=\"text-align: justify;\">\n<li>\u00cencurajarea cooper\u0103rii \u0219i implicarea publicului larg, \u00een special a mediului academic \u0219i a tinerilor din regiunile de Nord, Sud \u0219i Centru ale Republicii Moldova \u00een dezbaterile de politici sociale cu privire la drepturile omului, statul de drept, buna guvernare \u0219i democratizare pentru a promova securitatea \u0219i stabilitatea \u00een Moldova ;<\/li>\n<li>Cre\u0219terea cuno\u0219tin\u021belor grupurilor \u021bint\u0103 cu privire la progresele realizate de Moldova \u00een cadrul UE &#8211; MD Acord de Asociere \u0219i noile tendin\u021be ale UE \u00een domeniul educa\u021biei \u0219i cercet\u0103rii;<\/li>\n<li>Sporirea nivelului de familiarizare a publicului larg \u00een Moldova, \u00een general, a mediului academic \u0219i a tinerilor, \u00een special, cu privire la problemele politicii comerciale ale UE fa\u021b\u0103 de Moldova;<\/li>\n<li>\u00cembun\u0103t\u0103\u021birea \u00een\u021belegerii cu privire la UE a problemelor \u0219i tendin\u021belor reale de dezvoltare dincolo de p\u0103r\u021bile interesate implicate direct \u0219i indirect;<\/li>\n<li>S\u0103 sprijine dezvoltarea profesional\u0103 a tinerilor cercet\u0103tori \u0219i profesori preg\u0103ti\u021bi s\u0103 integreze bunele practici \u0219i noile subiecte din UE \u00een programele \u0219i ini\u021biativele didactice care activeaz\u0103 \u00een USM \u0219i nu numai prin intermediul ERASMUS + Jean Monnet;<\/li>\n<li>Pentru a \u00eembun\u0103t\u0103\u021bi implicarea, sensibilizarea \u0219i informarea publicului larg cu privire la posibilit\u0103\u021bile oferite de instrumentele financiare ale UE (ex: ERASMUS +, HORIZON2020 \/ Horizon Europe, etc).<\/li>\n<\/ol>\n<p style=\"text-align: justify;\"><strong>Activit\u0103\u021bi:<\/strong><\/p>\n<ul style=\"text-align: justify;\">\n<li>Activit\u0103\u021bi de formare: training-uri pentru tineri cu tema \u201eManagementul proiectelor UE\u201d<\/li>\n<li>Editarea bro\u0219urii \u201eUE f\u0103r\u0103 frontiere\u201d;<\/li>\n<li>Elaborarea ghidului \u201eGhid pentru finan\u021barea UE\u201d<\/li>\n<li>Activit\u0103\u021bi de cercetare privind \u201eNoi oportunit\u0103\u021bi de integrare oferite de valorile comune ale UE pentru tineri\u201d;<\/li>\n<\/ul>\n<p style=\"text-align: justify;\"><strong>Evenimente<\/strong>:<\/p>\n<ul style=\"text-align: justify;\">\n<li>Trei seminare \u201ebune practici ale lui Jean Monnet \u00een contextul studiilor europene \u0219i promovarea UE\u201d;<\/li>\n<li>Dou\u0103 ateliere de lucru \u201eCre\u0219terea gradului de con\u0219tientizare asupra europeniz\u0103rii Moldovei \u00een mediul academic \u0219i nu numai\u201d;<\/li>\n<li>conferin\u021b\u0103 interna\u021bional\u0103 \u201eUniunea European\u0103 \u0219i \u021b\u0103rile parteneriatului estic: apropiere pentru un viitor mai bun\u201d;<\/li>\n<\/ul>\n<p style=\"text-align: justify;\">\n","protected":false},"excerpt":{"rendered":"<p>Ac\u021biunea cheie: Activitate Jean Monnet Ac\u021biunea: Project Jean Monnet Cererea de propuneri: EAC\/A02\/2019 \u2013 Jean Monnet Activities Num\u0103rul aplica\u021biei: 619953-EPP-1-2020-1-MD-EPPJMO-PROJECT Denumirea deplin\u0103 a proiectului: Orizonturi ale integr\u0103rii \u00een Uniunea European\u0103 a Moldovei: Realit\u0103\u021bi \u0219i Perspective Acronim: EUforY Durata proiectului: 02\/12\/2020 &#8211; 02\/12\/2022 Beneficiar: Universitatea de Stat din Moldova Proiectul \u00ee\u0219i propune s\u0103 contribuie la formarea&hellip; <br \/> <a class=\"read-more\" href=\"https:\/\/international.usm.md\/?page_id=794\">Cite\u0219te mai mult<\/a><\/p>\n","protected":false},"author":1,"featured_media":0,"parent":0,"menu_order":0,"comment_status":"closed","ping_status":"closed","template":"","meta":{"footnotes":""},"rttpg_featured_image_url":null,"rttpg_author":{"display_name":"","author_link":"https:\/\/international.usm.md\/?author=1"},"rttpg_comment":0,"rttpg_category":null,"rttpg_excerpt":"Ac\u021biunea cheie: Activitate Jean Monnet Ac\u021biunea: Project Jean Monnet Cererea de propuneri: EAC\/A02\/2019 \u2013 Jean Monnet Activities Num\u0103rul aplica\u021biei: 619953-EPP-1-2020-1-MD-EPPJMO-PROJECT Denumirea deplin\u0103 a proiectului: Orizonturi ale integr\u0103rii \u00een Uniunea European\u0103 a Moldovei: Realit\u0103\u021bi \u0219i Perspective Acronim: EUforY Durata proiectului: 02\/12\/2020 &#8211; 02\/12\/2022 Beneficiar: Universitatea de Stat din Moldova Proiectul \u00ee\u0219i propune s\u0103 contribuie la formarea&hellip;&hellip;","_links":{"self":[{"href":"https:\/\/international.usm.md\/index.php?rest_route=\/wp\/v2\/pages\/794"}],"collection":[{"href":"https:\/\/international.usm.md\/index.php?rest_route=\/wp\/v2\/pages"}],"about":[{"href":"https:\/\/international.usm.md\/index.php?rest_route=\/wp\/v2\/types\/page"}],"author":[{"embeddable":true,"href":"https:\/\/international.usm.md\/index.php?rest_route=\/wp\/v2\/users\/1"}],"replies":[{"embeddable":true,"href":"https:\/\/international.usm.md\/index.php?rest_route=%2Fwp%2Fv2%2Fcomments&post=794"}],"version-history":[{"count":1,"href":"https:\/\/international.usm.md\/index.php?rest_route=\/wp\/v2\/pages\/794\/revisions"}],"predecessor-version":[{"id":799,"href":"https:\/\/international.usm.md\/index.php?rest_route=\/wp\/v2\/pages\/794\/revisions\/799"}],"wp:attachment":[{"href":"https:\/\/international.usm.md\/index.php?rest_route=%2Fwp%2Fv2%2Fmedia&parent=794"}],"curies":[{"name":"wp","href":"https:\/\/api.w.org\/{rel}","templated":true}]}}